n base 15, what is 2 + 289e57?
289e59
In base 3, what is -210020100 - 1101112?
-211121212
In base 8, what is 133 + -5222277?
-5222144
In base 2, what is -1011100101 - 10000111000000111?
-10001000011101100
In base 13, what is 9 - -265424?
265430
In base 5, what is -3221221 + 14?
-3221202
In base 6, what is 1010541 + -2220?
1004321
In base 15, what is -123 - 31de9?
-3201c
In base 11, what is -42585979 - -2?
-42585977
In base 5, what is 1402 + 14210203?
14212110
In base 10, what is 333263115 - 1?
333263114
In base 12, what is -200 + -6a357?
-6a557
In base 12, what is 5 - 1baa135?
-1baa130
In base 11, what is 2486a10 + 181?
2487091
In base 9, what is 105257888 - -8?
105258007
In base 2, what is 101010000100000 - 10110?
101010000001010
In base 2, what is -1111111101 + -100011111111010?
-100101111110111
In base 14, what is 2d9 - -13432?
1372b
In base 16, what is c + -3cf51c8?
-3cf51bc
In base 14, what is -5 - -48c318?
48c313
In base 2, what is -101000100111111111111 - -1100011111?
-101000100110011100000
In base 9, what is 243 - -820?
1163
In base 8, what is 227 - -614130?
614357
In base 15, what is 116d799 + 49?
116d7e3
In base 11, what is -1325150 - 4?
-1325154
In base 5, what is 234340 - -34423?
324313
In base 10, what is -25 + -2174215?
-2174240
In base 14, what is -1043 - 2bd6c?
-2cdb1
In base 7, what is 336260 + 34?
336324
In base 16, what is -1 + -2617cdb?
-2617cdc
In base 15, what is -1436 - -d94?
-592
In base 16, what is -fc - -49?
-b3
In base 3, what is -11120201012 + 0?
-11120201012
In base 15, what is 1 - 33ad72?
-33ad71
In base 4, what is -2 + -12123302201?
-12123302203
In base 5, what is 1401434213 + -2?
1401434211
In base 3, what is -102101222010 + 2222?
-102101212011
In base 5, what is 340230 - 2242?
332433
In base 12, what is -35974b3 + -44?
-3597537
In base 10, what is -1759 + 8483?
6724
In base 2, what is 11010100 - -100000100001111001101?
100000100010010100001
In base 7, what is -15533310321 - -3?
-15533310315
In base 16, what is a8 - -46cf0?
46d98
In base 5, what is -10 + -134213312321?
-134213312331
In base 4, what is -11012332011 + 10?
-11012332001
In base 6, what is -2433 - 14104?
-20541
In base 4, what is 0 + -122223203201133?
-122223203201133
In base 16, what is 1a24f - b4?
1a19b
In base 11, what is 3 - -2937266a?
29372672
In base 8, what is 3456773434 + 3?
3456773437
In base 5, what is 240243 - 1343441?
-1103143
In base 2, what is -10000101001 - -111101011000111?
111011010011110
In base 6, what is 2 + 51021153342?
51021153344
In base 11, what is -21838 + -37?
-21874
In base 11, what is -8a + 74440?
74361
In base 13, what is 41098 + -2c?
41069
In base 6, what is -1530312 + 15?
-1530253
In base 7, what is 3 + -345531033?
-345531030
In base 9, what is 226375 - 133?
226242
In base 13, what is -1583378 - 1?
-1583379
In base 6, what is -453223 + 15231?
-433552
In base 11, what is 82a83 - -5?
82a88
In base 2, what is -1111 + 100000001011111011001110?
100000001011111010111111
In base 4, what is -221 - -1000012323221?
1000012323000
In base 10, what is 13592 + -52?
13540
In base 6, what is -352 + 22423?
22031
In base 2, what is -10001101111111010100 - 11011?
-10001101111111101111
In base 6, what is 1432 + 50053454?
50055330
In base 4, what is 111033101 - -302?
111100003
In base 10, what is -9140 - 634?
-9774
In base 15, what is -1121a + 145?
-110c5
In base 5, what is -10403431341 + -10?
-10403431401
In base 8, what is -3621344 - 65?
-3621431
In base 10, what is -38 + 4807030?
4806992
In base 6, what is -245405003 + 4?
-245404555
In base 2, what is -1 - -1001100011010010001000?
1001100011010010000111
In base 13, what is -109c1b + -52?
-109c70
In base 6, what is -540214522 - -3?
-540214515
In base 14, what is 10 - aca14?
-aca04
In base 3, what is 11222 + -202020100121?
-202020011122
In base 4, what is 12323011120100 - -3?
12323011120103
In base 3, what is -2202012120 - -12222201?
-2112012212
In base 11, what is -61a0336 + -2?
-61a0338
In base 14, what is 14b3 - 2884?
-13b1
In base 9, what is 146763651 + -4?
146763646
In base 5, what is -13124 - -20201232?
20133103
In base 15, what is -171d231 - -5?
-171d22b
In base 11, what is 146 - -451863?
4519a9
In base 10, what is -9704469 - 1?
-9704470
In base 15, what is -16 - ee4e1d?
-ee4e34
In base 11, what is -1601524 + 56?
-1601479
In base 4, what is -1212202021331 + 231?
-1212202021100
In base 16, what is 2a9f04 - -c9?
2a9fcd
In base 13, what is -16a6 - 390?
-1a66
In base 3, what is 2021110010 - -100020?
2021210100
In base 12, what is -3 - -7512584?
7512581
In base 11, what is -80a8a51 - 1?
-80a8a52
In base 5, what is -1103 + -2240344?
-2242002
In base 10, what is 12410483 - 2?
12410481
In base 10, what is 240151527 - -1?
240151528
In base 5, what is 11324013441 + 10?
11324014001
In base 14, what is 9d5 + -5b6cd?
-5aad8
In base 7, what is 21061642 + 6?
21061651
In base 11, what is -179409 + 2483?
-176a36
In base 9, what is -6457 - 276?
-6744
In base 11, what is -2381a3 - -729?
-237575
In base 4, what is 12 - 133222101021?
-133222101003
In base 4, what is -101113 - -330310331?
330203212
In base 12, what is 532513 + -16?
5324b9
In base 4, what is -2202 - 2202220?
-2211022
In base 7, what is 355054 - -4366?
362453
In base 12, what is 2 - 670a9b2?
-670a9b0
In base 6, what is 32130003515 - 3?
32130003512
In base 4, what is -12011031 - 1230303?
-13302000
In base 4, what is -1 - 103121333321?
-103121333322
In base 15, what is -2 + 491a694?
491a692
In base 6, what is -15 - -2034351340?
2034351321
In base 15, what is -45303 + -4d4?
-457d7
In base 9, what is 1368535 - 437?
1368087
In base 16, what is -1963d2 - -3?
-1963cf
In base 5, what is 124001033 + -11143?
123434340
In base 3, what is 2211111000111 - 2220?
2211110220121
In base 12, what is 800 - -1502?
2102
In base 2, what is 10101110000111010 + 10000001?
10101110010111011
In base 9, what is 15767211 + 2?
15767213
In base 12, what is -2859aa1 + 23?
-2859a7a
In base 11, what is -5 - 1969a1?
-1969a6
In base 9, what is -4 - 12187008?
-12187013
In base 2, what is 1001 - 100111100111110001001?
-100111100111110000000
In base 8, what is 10232606 + 0?
10232606
In base 14, what is -b62463a - 4?
-b624640
In base 9, what is 2307121 + 87?
2307218
In base 10, what is -7286701 - 66?
-7286767
In base 12, what is 3b9331 + 24?
3b9355
In base 12, what is b1492012 - 1?
b1492011
In base 7, what is -2 + -130345050?
-130345052
In base 10, what is -65240823 - -11?
-65240812
In base 11, what is 2048 + 2132?
417a
In base 5, what is 3232020 - -11044?
3243114
In base 15, what is -24883 + -391?
-24c24
In base 8, what is -2414 + -166?
-2602
In base 8, what is 0 - 12130775?
-12130775
In base 2, what is 100000100001011001011 - -11101?
100000100001011101000
In base 15, what is 14c335 - 13?
14c322
In base 16, what is 28f9 - df?
281a
In base 4, what is -10 - 101213132320100?
-101213132320110
In base 3, what is -101 + -212121211022100?
-212121211022201
In base 9, what is -37065 - 1210?
-38275
In base 10, what is 10 + -1010531?
-1010521
In base 6, what is 212342234 + -20?
212342214
In base 3, what is -101110 - 112102010?
-112210120
In base 2, what is -10010010011100 - 11100011?
-10010101111111
In base 9, what is -150 + -1680538?
-1680688
In base 6, what is 4 - 3005514431?
-3005514423
In base 2, what is -100111110101110110001010 - 101?
-100111110101110110001111
In base 3, what is 111000000110212 - 12?
111000000110200
In base 7, what is 3 - 345631651?
-345631645
In base 3, what is 2012210222102 - -12200?
2012211012002
In base 4, what is -2323011 + 20232?
-2302113
In base 11, what is -3 - -14a811?
14a809
In base 14, what is -9c49ba92 - -3?
-9c49ba8d
In base 2, what is 100 - -11011010100000110011110?
11011010100000110100010
In base 3, what is 10212202 + 10110101201?
10121021110
In base 13, what is -158a2 + 51b?
-15384
In base 11, what is 786270 + -131?
78613a
In base 2, what is -11101011010 - 10011110110111010?
-10100010100010100
In base 15, what is 1e - -1317b?
1319a
In base 12, what is 550a - 1490?
403a
In base 12, what is 17 - 3855aa?
-385593
In base 15, what is 1e06 + 809?
2710
In base 7, what is 11315 + -312242?
-300624
In base 13, what is -29345 - -ca5?
-28370
In base 11, what is 797516 + -64?
797462
In base 8, what is -4243013647 - 5?
-4243013654
In base 12, what is 11 - -15